{"id":27,"date":"2025-03-12T12:19:37","date_gmt":"2025-03-12T12:19:37","guid":{"rendered":"https:\/\/Mehmet.Erkin.pages.hak-schwaz.at\/?page_id=27"},"modified":"2025-04-17T22:41:13","modified_gmt":"2025-04-17T22:41:13","slug":"ntma","status":"publish","type":"page","link":"https:\/\/Mehmet.Erkin.pages.hak-schwaz.at\/?page_id=27","title":{"rendered":"NTMA"},"content":{"rendered":"\n<p class=\"has-medium-font-size\"><strong>Netzwerkmanagement<\/strong><\/p>\n\n\n\n<p>Netzwerkmanagement geh\u00f6rt zum KOMMIT-Zweig der HAK Schwaz. In diesem Fach werden den Sch\u00fclern die Basiswissen und die Entwicklung des Internets n\u00e4hergebracht. Zudem werden Einblicke in die Hardware von herk\u00f6mmlichen Computern und Servern gegeben. Eine zus\u00e4tzliche wesentliche Kompetenz besteht darin, mit dem Tool Cisco Packet Tracer ein internes Netzwerk zu erstellen.<\/p>\n","protected":false},"excerpt":{"rendered":"<p>Netzwerkmanagement Netzwerkmanagement geh\u00f6rt zum KOMMIT-Zweig der HAK Schwaz. In diesem Fach werden den Sch\u00fclern die Basiswissen und die Entwicklung des Internets n\u00e4hergebracht. Zudem werden Einblicke in die Hardware von herk\u00f6mmlichen Computern und Servern gegeben. Eine zus\u00e4tzliche wesentliche Kompetenz besteht darin, mit dem Tool Cisco Packet Tracer ein internes Netzwerk zu erstellen.<\/p>\n","protected":false},"author":1,"featured_media":0,"parent":0,"menu_order":0,"comment_status":"closed","ping_status":"closed","template":"","meta":{"footnotes":""},"class_list":["post-27","page","type-page","status-publish","hentry"],"_links":{"self":[{"href":"https:\/\/Mehmet.Erkin.pages.hak-schwaz.at\/index.php?rest_route=\/wp\/v2\/pages\/27","targetHints":{"allow":["GET"]}}],"collection":[{"href":"https:\/\/Mehmet.Erkin.pages.hak-schwaz.at\/index.php?rest_route=\/wp\/v2\/pages"}],"about":[{"href":"https:\/\/Mehmet.Erkin.pages.hak-schwaz.at\/index.php?rest_route=\/wp\/v2\/types\/page"}],"author":[{"embeddable":true,"href":"https:\/\/Mehmet.Erkin.pages.hak-schwaz.at\/index.php?rest_route=\/wp\/v2\/users\/1"}],"replies":[{"embeddable":true,"href":"https:\/\/Mehmet.Erkin.pages.hak-schwaz.at\/index.php?rest_route=%2Fwp%2Fv2%2Fcomments&post=27"}],"version-history":[{"count":0,"href":"https:\/\/Mehmet.Erkin.pages.hak-schwaz.at\/index.php?rest_route=\/wp\/v2\/pages\/27\/revisions"}],"wp:attachment":[{"href":"https:\/\/Mehmet.Erkin.pages.hak-schwaz.at\/index.php?rest_route=%2Fwp%2Fv2%2Fmedia&parent=27"}],"curies":[{"name":"wp","href":"https:\/\/api.w.org\/{rel}","templated":true}]}}